ase 4, what is -130001 + 33223310?
33033303
In base 12, what is 77 + -2993?
-2918
In base 14, what is 3878722 + 8?
387872a
In base 16, what is -11180 - 19?
-11199
In base 2, what is -1111 + -1100101110100010010?
-1100101110100100001
In base 8, what is -12374 - 112752?
-125346
In base 2, what is 11101010010011100110001100 + -10?
11101010010011100110001010
In base 15, what is 5 + 46403d?
464043
In base 10, what is 92252 + 1214?
93466
In base 14, what is -9039 + -4cd2?
-dd2b
In base 3, what is -1020212 - -20100122212?
20022102000
In base 9, what is 42175548 + -3?
42175545
In base 3, what is 11121202222010 + -1011?
11121202220222
In base 15, what is -3 + 29a329e?
29a329b
In base 14, what is -5ca69 + -563?
-5d1cc
In base 3, what is 10011121 - 1001202202?
-221121011
In base 8, what is 2374473 - -111?
2374604
In base 14, what is 134763325 + 3?
134763328
In base 14, what is -3 + -c94bd?
-c94c2
In base 14, what is 699d + -2253?
474a
In base 16, what is -6 - 1af4552?
-1af4558
In base 10, what is -3 - 2606246?
-2606249
In base 12, what is -b2483 + -12a?
-b25b1
In base 11, what is 228 - 5304?
-5087
In base 12, what is b73 - -1a43?
29b6
In base 5, what is 202410 + -133020?
14340
In base 9, what is 143 - -101727?
101871
In base 4, what is 23301221320 - -11121?
23301233101
In base 2, what is -111100010111010 - -10011110011?
-111001111000111
In base 2, what is -101 - 1101100110101100100110?
-1101100110101100101011
In base 5, what is 11213423033 + -12?
11213423021
In base 8, what is 2277 - -41547?
44046
In base 12, what is -1043 - 67807?
-6884a
In base 16, what is -1 - 4561893?
-4561894
In base 15, what is 893d3 + -b?
893c7
In base 9, what is -4 - -504212457?
504212453
In base 3, what is -121212100100121 - -12?
-121212100100102
In base 7, what is -2434035561 - 0?
-2434035561
In base 11, what is 5 + -16609279?
-16609274
In base 4, what is -132131 - 322330122?
-323122313
In base 11, what is 36 - 2990788?
-2990752
In base 3, what is -12 - 112012022020211111?
-112012022020211200
In base 6, what is 1 + 1122330352?
1122330353
In base 11, what is 752a9a3 + 4?
752a9a7
In base 15, what is -278e + 96eb?
6e5c
In base 6, what is 303101511 - 20?
303101451
In base 5, what is -1420 + 224114?
222144
In base 12, what is -548a43 - 149?
-548b90
In base 9, what is 2 - -86607801?
86607803
In base 10, what is -4 + 110307869?
110307865
In base 7, what is -632640 + 342?
-632265
In base 9, what is -306781055 + -4?
-306781060
In base 13, what is 7 + -5cc36b?
-5cc364
In base 5, what is 234341 - 113004?
121332
In base 9, what is -4478 + 613?
-3765
In base 6, what is 52425520 + -135?
52425341
In base 13, what is -1bb54 + -24aa?
-21331
In base 3, what is 1010210 - -100020011111?
100021022021
In base 6, what is -133055 - -45150?
-43505
In base 15, what is -5 + -3585e0d?
-3585e13
In base 5, what is -1232200 - -1021233?
-210412
In base 15, what is -570 + 4ad8?
4568
In base 8, what is -56751767 + -3?
-56751772
In base 12, what is -443403b + 1?
-443403a
In base 7, what is 32 + 5455414?
5455446
In base 5, what is -243134123 + 2010?
-243132113
In base 14, what is -d348 + -656?
-d9a0
In base 2, what is 101 + -1000000000011110000011010?
-1000000000011110000010101
In base 16, what is -ca1f - 19bf?
-e3de
In base 8, what is -10052 - 277770?
-310042
In base 7, what is -1 - 246261210?
-246261211
In base 2, what is -1101110110000101010001 - 1?
-1101110110000101010010
In base 10, what is 33125797 + 1?
33125798
In base 2, what is -101100100000101 - 100010110?
-101101000011011
In base 10, what is 52 + 811?
863
In base 4, what is -222101 - -11301230?
11013123
In base 10, what is 1036 - 36479?
-35443
In base 10, what is 200907921 + -5?
200907916
In base 9, what is -6 - 7727368?
-7727375
In base 6, what is -21033 + -41220?
-102253
In base 14, what is -4000 + -8?
-4008
In base 12, what is 119b627 - 2?
119b625
In base 7, what is -2 - -544300564?
544300562
In base 11, what is -1a + 2210?
21a1
In base 7, what is 4412006104 + 12?
4412006116
In base 10, what is -15 + -6982396?
-6982411
In base 5, what is -22021 + 234144?
212123
In base 10, what is -1009336100 + 0?
-1009336100
In base 7, what is 206445 - -40630?
250405
In base 7, what is 2116452 - -65?
2116550
In base 11, what is 674 - -981?
1545
In base 9, what is 10600713 - 4?
10600708
In base 3, what is 12201000 - 11021?
12112202
In base 16, what is -b8 + -8e0c6?
-8e17e
In base 11, what is -392 - -25a39?
25657
In base 8, what is 50407773 - 0?
50407773
In base 9, what is -27773246 - 5?
-27773252
In base 5, what is -13 + 2012440334?
2012440321
In base 15, what is -24d78 - 2d?
-24da6
In base 12, what is -2 - 25182832?
-25182834
In base 13, what is -2 + -6119c?
-611a1
In base 15, what is 14d653c + 15?
14d6552
In base 12, what is -5 - -28b293?
28b28a
In base 4, what is 3103130220 - -322?
3103131202
In base 10, what is -567812 + 1213?
-566599
In base 3, what is -111011102110020 + -22?
-111011102110112
In base 6, what is 141224034 - 10?
141224024
In base 8, what is -422720 - 11005?
-433725
In base 15, what is -355 + 4d2e?
49c9
In base 15, what is -3 + -4824170?
-4824173
In base 3, what is 1 + -122220011220?
-122220011212
In base 10, what is -88744 - -195?
-88549
In base 13, what is 6a + -149b8bb?
-149b851
In base 8, what is -4264546 - 3?
-4264551
In base 14, what is -36950 - -57?
-368d7
In base 16, what is -5974ac9 + -b?
-5974ad4
In base 3, what is -10122021200 + -11202?
-10122110102
In base 12, what is -566899 + 0?
-566899
In base 10, what is -106 + 587166?
587060
In base 8, what is 33 - 1323367?
-1323334
In base 6, what is -1 - -1021302453?
1021302452
In base 4, what is 1322011110021 + -30?
1322011103331
In base 15, what is e0e + 117b?
208a
In base 13, what is -89 - -885a7?
8851b
In base 4, what is -3123 + 13100011000?
13100001211
In base 14, what is 0 + 1248027?
1248027
In base 15, what is -3b - -1967db?
1967a0
In base 7, what is 5 - 15320452?
-15320444
In base 13, what is -121ca313 + 5?
-121ca30b
In base 12, what is -13013 + 2786?
-10449
In base 9, what is -1332 + 241?
-1081
In base 13, what is -191238b + -4?
-1912392
In base 8, what is 14467750 + 21?
14467771
In base 5, what is 120412 - 103420?
11442
In base 9, what is -63 + -3041855?
-3042028
In base 15, what is -29de4 + 8?
-29ddb
In base 7, what is 0 + -1052535032?
-1052535032
In base 7, what is 104311 + -3053?
101225
In base 4, what is 1010031312 + 20?
1010031332
In base 4, what is -3 - -3001100111333?
3001100111330
In base 2, what is 10000 - 1101101010111101100111000?
-1101101010111101100101000
In base 6, what is -3013 - 125140?
-132153
In base 3, what is 10202220 + -101210211?
-21000221
In base 9, what is 257557 + -685?
256762
In base 7, what is 501136 - 10?
501126
In base 7, what is -26465536 + 0?
-26465536
In base 3, what is -10 + -2022112112000?
-2022112112010
In base 3, what is 2 + -11211101210020?
-11211101210011
In base 4, what is -3 - -332213233?
332213230
In base 3, what is -220210120101210 + 0?
-220210120101210
In base 8, what is 5 + -225144777?
-225144772
In base 7, what is -62020610 + 22?
-62020555
In base 9, what is 6724 - -8332?
16156
In base 9, what is 64827 + 43?
64871
In base 2, what is 1111101100000001001010 + -11?
1111101100000001000111
In base 16, what is 562 + -6a7a?
-6518
In base 5, what is 12 - -2410213?
2410230
In base 6, what is 15113240 - -311?
15113551
In base 4, what is 231001230 - 113?
231001111
In base 4, what is -12303013110 + -1101?
-12303020211
In base 14, what is -8375 - -41?
-8334
In base 15, what is -7 + 1d3ae4?
1d3adc
In base 6, what is -3121 + 32422340?
32415215
In base 13, what is 4 - -14155b5?
14155b9
In base 12, what is -3a - 882258?
-882296
In base 8, what is 141453750 - -10?
141453760
In base 14, what is -36260 + -236?
-36496
In base 9, what is -15482427 + 12?
-15482415
In base 12, what is -2808160 - 4?
-2808164
In base 12, what is -80561 + 100?
-80461
In base 4, what is 103202032132 - 23?
103202032103
In base 6, what is -104001 + -24240?
-132241
In base 11, what is 81716 - 220?
814a6
In base 16, what is -62a9d659 - 3?
-62a9d65c
In base 14, what is -1976 - ab0?
-2646
In base 8, what is -415725 + 7?
-415716
In base 10, what is -3862917 + -41?
-3862958
In base 15, what is 360 + 18d68?
191c8
In base 10, what is 26 + 2084527?
2084553
In base 14, what is 6 - -2b15c85?
2